 1104216?
0
What is the tens digit of 6076823?
2
What is the tens digit of 42407?
0
What is the hundred thousands digit of 17020963?
0
What is the hundreds digit of 102373?
3
What is the units digit of 398543?
3
What is the thousands digit of 10217372?
7
What is the hundred thousands digit of 5741527?
7
What is the units digit of 7099020?
0
What is the hundreds digit of 263399?
3
What is the ten thousands digit of 2076931?
7
What is the tens digit of 513112?
1
What is the thousands digit of 5212628?
2
What is the thousands digit of 4347962?
7
What is the hundreds digit of 54377?
3
What is the hundred thousands digit of 729101?
7
What is the ten millions digit of 16595444?
1
What is the thousands digit of 109761?
9
What is the thousands digit of 9500356?
0
What is the ten thousands digit of 7353898?
5
What is the thousands digit of 982709?
2
What is the tens digit of 350050?
5
What is the ten thousands digit of 69432?
6
What is the millions digit of 20553959?
0
What is the hundred thousands digit of 9162462?
1
What is the hundred thousands digit of 25235382?
2
What is the ten thousands digit of 2907725?
0
What is the ten thousands digit of 15243?
1
What is the hundreds digit of 108301?
3
What is the thousands digit of 2124146?
4
What is the hundreds digit of 332211?
2
What is the ten thousands digit of 3672468?
7
What is the tens digit of 4954641?
4
What is the ten thousands digit of 179357?
7
What is the ten thousands digit of 132319?
3
What is the units digit of 400162?
2
What is the units digit of 14057055?
5
What is the tens digit of 218058?
5
What is the units digit of 5092086?
6
What is the thousands digit of 81906?
1
What is the tens digit of 4743731?
3
What is the ten thousands digit of 990528?
9
What is the hundred thousands digit of 270500?
2
What is the hundred thousands digit of 140174?
1
What is the ten thousands digit of 354384?
5
What is the hundred thousands digit of 13971664?
9
What is the ten thousands digit of 207372?
0
What is the tens digit of 2585415?
1
What is the ten thousands digit of 32197?
3
What is the ten thousands digit of 2401101?
0
What is the thousands digit of 1032718?
2
What is the thousands digit of 6019766?
9
What is the ten thousands digit of 1439223?
3
What is the units digit of 398187?
7
What is the thousands digit of 571599?
1
What is the units digit of 4808680?
0
What is the thousands digit of 399693?
9
What is the units digit of 219724?
4
What is the hundreds digit of 5023256?
2
What is the thousands digit of 865984?
5
What is the ten thousands digit of 15583502?
8
What is the tens digit of 616452?
5
What is the hundred thousands digit of 171003?
1
What is the hundreds digit of 46834?
8
What is the ten thousands digit of 58792?
5
What is the ten thousands digit of 4197038?
9
What is the ten thousands digit of 30244139?
4
What is the millions digit of 1254058?
1
What is the millions digit of 6920743?
6
What is the units digit of 889251?
1
What is the ten thousands digit of 486227?
8
What is the thousands digit of 14319682?
9
What is the hundreds digit of 27330779?
7
What is the units digit of 2606454?
4
What is the tens digit of 11343615?
1
What is the tens digit of 1498548?
4
What is the tens digit of 24785945?
4
What is the tens digit of 1594364?
6
What is the thousands digit of 44697?
4
What is the tens digit of 13253983?
8
What is the thousands digit of 9478766?
8
What is the hundreds digit of 736186?
1
What is the tens digit of 172427?
2
What is the units digit of 192612?
2
What is the ten thousands digit of 385101?
8
What is the ten thousands digit of 21461628?
6
What is the hundreds digit of 719664?
6
What is the units digit of 215002?
2
What is the ten thousands digit of 10305271?
0
What is the hundreds digit of 983201?
2
What is the thousands digit of 391880?
1
What is the tens digit of 1526315?
1
What is the units digit of 8215894?
4
What is the thousands digit of 320734?
0
What is the thousands digit of 5250111?
0
What is the hundred thousands digit of 3703153?
7
What is the thousands digit of 419848?
9
What is the hundreds digit of 7746832?
8
What is the hundred thousands digit of 14721054?
7
What is the ten thousands digit of 13284690?
8
What is the thousands digit of 203344?
3
What is the ten thousands digit of 1152079?
5
What is the ten thousands digit of 4637791?
3
What is the thousands digit of 3186695?
6
What is the millions digit of 8973262?
8
What is the units digit of 1609668?
8
What is the tens digit of 58710?
1
What is the ten thousands digit of 111116?
1
What is the tens digit of 190682?
8
What is the hundreds digit of 188?
1
What is the hundreds digit of 4483857?
8
What is the tens digit of 4753549?
4
What is the hundreds digit of 12684488?
4
What is the thousands digit of 1104?
1
What is the ten thousands digit of 555447?
5
What is the ten thousands digit of 8019600?
1
What is the hundreds digit of 2504654?
6
What is the ten thousands digit of 732333?
3
What is the hundred thousands digit of 1209048?
2
What is the hundred thousands digit of 10571253?
5
What is the tens digit of 2161979?
7
What is the ten thousands digit of 17203090?
0
What is the thousands digit of 110021?
0
What is the ten thousands digit of 5919556?
1
What is the millions digit of 24922590?
4
What is the units digit of 1173947?
7
What is the thousands digit of 2778544?
8
What is the tens digit of 257299?
9
What is the hundreds digit of 5272451?
4
What is the hundred thousands digit of 3080534?
0
What is the thousands digit of 951322?
1
What is the tens digit of 549165?
6
What is the tens digit of 16556618?
1
What is the ten thousands digit of 2815234?
1
What is the thousands digit of 559346?
9
What is the tens digit of 404713?
1
What is the tens digit of 21616969?
6
What is the hundreds digit of 175561?
5
What is the hundred thousands digit of 32607344?
6
What is the units digit of 551381?
1
What is the tens digit of 524272?
7
What is the thousands digit of 4152423?
2
What is the hundred thousands digit of 339880?
3
What is the hundreds digit of 513771?
7
What is the units digit of 5028539?
9
What is the thousands digit of 176471?
6
What is the hundred thousands digit of 444707?
4
What is the millions digit of 2018563?
2
What is the millions digit of 4113537?
4
What is the tens digit of 28102?
0
What is the thousands digit of 3028607?
8
What is the tens digit of 264920?
2
What is the hundreds digit of 4632116?
1
What is the thousands digit of 993296?
3
What is the millions digit of 2555705?
2
What is the thousands digit of 5952667?
2
What is the units digit of 41664608?
8
What is the tens digit of 1018746?
4
What is the hundred thousands digit of 708760?
7
What is the tens digit of 876139?
3
What is the units digit of 24895416?
6
What is the hundreds digit of 31907730?
7
What is the thousands digit of 5983836?
3
What is the units digit of 2467565?
5
What is the hundred thousands digit of 30747448?
7
What is the hundreds digit of 8940703?
7
What is the units digit of 892944?
4
What is the units digit of 219224?
4
What is the units digit of 929114?
4
What is the ten millions digit of 19839669?
1
What is the units digit of 410734?
4
What is the hundreds digit of 505876?
8
What is the tens digit of 42361108?
0
What is the hundred thousands digit of 392539?
3
What is the tens digit of 5577153?
5
What is the hundreds digit of 18142997?
9
What is the ten thousands digit of 6959646?
5
What is the tens digit of 245105?
0
What is the tens digit of 222835?
3
What is the hundreds digit of 1915026?
0
What is the tens digit of 12773264?
6
What is the units digit of 201778?
8
What is the hundred thousands digit of 149876?
1
What is the ten thousands digit of 689096?
8
What is the units digit of 685408?
8
What is the thousands digit of 599320?
9
What is the ten thousands digit of 371911?
7
What is the units digit of 6861?
1
What is the ten thousands digit of 575271?
7
What is the tens digit of 8242?
4
What is the ten thousands digit of 6580553?
8
What is the hundred thousands digit of 219784?
2
What is the thousands digit of 127555?
7
What is the tens digit of 468834?
3
What is the units digit of 102485?
5
What is the units digit of 14017194?
4
What is the ten thousands digit of 1218901?
1
What is the units digit of 434